be 8/(-28) - 16/m. Suppose a*w - 5 = -3*w. What is the units digit of w?
1
Suppose 5*f = -137 + 597. What is the tens digit of f?
9
Suppose 4 = c + 4*l - 15, -2*c + 18 = 3*l. Suppose 4*q + 22 = c*h, 2*h + 0*q + 5*q = 53. What is the units digit of h?
4
Suppose -326 - 205 = -9*x. What is the units digit of x?
9
Let k(u) = u**3 - 9*u**2 - 13*u - 14. Let f(w) = w**3 - 9*w**2 - 14*w - 14. Let x(s) = 3*f(s) - 4*k(s). What is the tens digit of x(10)?
1
Suppose -3*i + 40 = 3*b + 7, -5*i + 3*b = -63. What is the tens digit of i?
1
Let v be (6 - -2)/((-3)/((-27)/2)). Suppose -19 + 4 = -3*b. Suppose b*w - v = w. What is the units digit of w?
9
Suppose -2*b + 11 = -j, 2*j + 17 = 3*b - 1. Suppose 2*c + 12 = 4*c - 3*d, -b*c - 4*d = -24. What is the units digit of c?
6
Suppose 5*b - 25 = p, 0*p + 4*p - 5*b = -25. Let x = 2 - p. Suppose 3*v = -x*a + 16, 4*a - 1 = 4*v - 49. What is the units digit of v?
8
What is the units digit of 142*1/2 + 3?
4
Suppose a = 3*h + 2 - 10, -5*a = 5*h. Let i = 5 - h. Suppose -i = -o + 4. What is the units digit of o?
7
What is the tens digit of 51/2*34/3?
8
Let u(f) be the second derivative of f**5/20 + f**4/2 + f**3/3 + f**2/2 - 2*f. What is the units digit of u(-5)?
6
Suppose -2*s + 3*q = -s - 5, 0 = 2*q - 8. What is the units digit of s?
7
Let w(i) = -i**3 + 2*i**2. Let r be w(2). Suppose -1 = -r*n - n. What is the units digit of n?
1
Let w(y) = -9*y - 2. What is the tens digit of w(-5)?
4
Let v(n) = -n**3 - 9*n**2 - 10*n + 9. What is the tens digit of v(-8)?
2
Suppose 2*m + 134 = 2*k, -4*k + 269 = -0*k - 3*m. What is the tens digit of k?
6
Let w = 7 + 1. What is the units digit of w/12 - (-13)/3?
5
Let n = 132 - 68. Suppose -n = -5*o + 21. What is the units digit of 1/2*(o - 1)?
8
Suppose 26 - 126 = -4*y. What is the units digit of y?
5
Let w(g) = 17*g + 1. What is the units digit of w(3)?
2
Suppose 0 = 2*b - 10 + 2. Let u(p) = -p**2 + 6*p - 6. Let h be u(b). Suppose 2*a = -h*a + 32. What is the units digit of a?
8
Let g(i) = i + 1. Let z be g(1). Let d(j) = j - 4. Let l(t) = -6*t + 19. Let a(n) = z*l(n) + 11*d(n). What is the units digit of a(-7)?
1
Suppose -m = -2*q + 2 - 0, 0 = 3*q + 5*m - 16. Let h be 7/3 - q/(-3). Suppose w + h*z = 8, 0*z = -4*z. What is the units digit of w?
8
Suppose 0 = 2*x - 5*x + 63. Let b = -15 + x. What is the units digit of b?
6
What is the units digit of (-1)/(-1) - (-25 + 3)?
3
Suppose 7*l = 6*l + 11. What is the units digit of l?
1
Let t = -342 - -664. What is the hundreds digit of t?
3
Suppose -5*f + 138 = -f + 5*c, -c = -f + 39. What is the units digit of f?
7
Suppose 62 = 3*n - 19. Suppose 0 = 3*o - 0*o - n. What is the units digit of o?
9
What is the units digit of 22/(-11)*(-101)/2?
1
Let n = 4 + -12. Let y(h) = h**2 + 5*h - 6. What is the units digit of y(n)?
8
What is the units digit of 526/4 - (-9)/(-18)?
1
Let l = 5 - 17. Let d be 4/l - (-32)/6. Let o = 12 - d. What is the units digit of o?
7
Let t(c) = -c**2 + 6*c + 12. Let k(q) = 2*q**2 - 11*q - 25. Let v(s) = -2*k(s) - 5*t(s). What is the tens digit of v(10)?
1
What is the tens digit of 9/6*1/3*158?
7
Let x(b) = 18*b + 18. Let f(w) = w + 1. Let g(r) = 15*f(r) - x(r). What is the units digit of g(-3)?
6
Let a(u) = 3*u**2 - 3*u - 7. What is the units digit of a(5)?
3
Suppose t + 2 = 2*x, -3*t = -x - 3 - 6. Suppose g = -2*g + 72. Suppose -7*o = -x*o - g. What is the units digit of o?
6
Let u(l) = -l**3 - 12*l**2 - 12*l - 4. Let y be u(-11). Suppose -y*g = -2*g - 70. What is the units digit of g?
4
Let t = 20 - 6. Let s be ((-8)/6)/(4/(-6)). Suppose 4*o - 20 = -2*d + t, 0 = s*o + 4*d - 8. What is the units digit of o?
0
Suppose -2*o - 74 = 2*l - 520, -3*o + 4*l = -683. What is the units digit of o?
5
Let z(u) = 17*u - 3. What is the tens digit of z(2)?
3
What is the tens digit of 11*(6/(-2))/(-3)?
1
Let u = 16 - 0. What is the units digit of (-30)/(-4)*u/20?
6
Let g be 6/(-10) - (-22)/(-5). Let v = 1 - g. What is the units digit of v?
6
Suppose -3*o - 10 = -5*o, o - 5 = 2*w. Suppose -6*h + 37 + 5 = w. What is the units digit of h?
7
Let m be 3 + (2 - (4 - 1)). Let h(v) = 2*v**2 - 2*v. Let s be h(m). Suppose -2*x + x - s*c = -3, -9 = -3*x - 5*c. What is the units digit of x?
3
Suppose -5*o = -x - 65, 26 = o + o - 5*x. Suppose 43 - o = j - 2*k, -4*k - 104 = -4*j. What is the units digit of j?
2
Let n = 19 - -6. Suppose 4*m + 5*f = 100 + 33, 5*f - n = 0. What is the tens digit of m?
2
Let w(l) = -l**2 + 11*l - 10. Let f(n) = -n + 8. Let j be f(0). What is the units digit of w(j)?
4
Let l(q) be the second derivative of -q**5/20 + 5*q**4/12 - q**3/6 + 7*q**2/2 + q. Let z be (-2)/(-5) - 69/(-15). What is the units digit of l(z)?
2
Let t(u) = -u**2 - 6*u + 4. Let r be t(-6). Suppose r*c - 56 = -0*c. What is the units digit of c?
4
Let a(k) = k**2 - 3*k - 4. Let s be a(5). Let i(y) be the first derivative of -y**2/2 + 8*y + 2. What is the units digit of i(s)?
2
Suppose q - 85 = -4*q. Suppose -b = y - 10 + 4, 3*b - 4*y + q = 0. What is the units digit of b + 2 + (-4 - -10)?
9
Let n be 5/2*4/5. Suppose 0 = 2*z + 4*q - n, -8*z + 37 = -3*z + 2*q. What is the units digit of z?
9
Suppose -2*u = -u. Let p = 3 + u. Suppose p*y - 6 = -3*f + 12, f - 3 = 0. What is the units digit of y?
3
Let k(b) = -3*b - 21. Let j(o) = 11*o + 29. Let h(s) = -6*s - 15. Let c(r) = 7*h(r) + 4*j(r). Let a(g) = 5*c(g) + 3*k(g). What is the units digit of a(9)?
1
Let k(z) be the second derivative of -z**4/12 - 3*z**3/2 - 2*z**2 - 8*z. Let m be -7 - 1/(-2)*-2. What is the units digit of k(m)?
4
Suppose -3*p + 8*p = -i + 95, 0 = 3*i - 2*p - 285. What is the units digit of i?
5
Suppose -v - 2*v = 0. Suppose -4*f - 3*t + 3 - 4 = v, 0 = f + 2*t + 4. Suppose f*m = 3*m - 7. What is the units digit of m?
7
Suppose -2*t = -t - 8. Let l(g) = 26 + 5*g - 15 + 5*g - 14 - g**2. What is the tens digit of l(t)?
1
Let u(n) = -9*n. Let b = -8 + 5. What is the units digit of u(b)?
7
What is the units digit of 6*(81/2 + -3 - 1)?
9
Suppose -7*l = -3*l - 8. Suppose -h - l = -2*q - 0, -5*h + 2*q + 14 = 0. What is the units digit of h?
4
Suppose 5*m - 3 = 2. What is the units digit of m/((-96)/(-93) - 1)?
1
Let m = -56 + 30. Let l = 45 + m. Let x = 28 - l. What is the units digit of x?
9
Let w = -17 + 36. What is the units digit of w?
9
Let a(u) be the third derivative of 5*u**4/24 - u**3 + 6*u**2. What is the tens digit of a(4)?
1
Let t(z) = -z**2 + 6*z - 6. Let l be t(5). What is the tens digit of (22 - -9)/(2 + l)?
3
Let a(l) = -49*l - 1. What is the tens digit of a(-1)?
4
Suppose -3*n = -9, 0 = p + 4*n - 5 - 70. What is the units digit of p?
3
Let v(k) = k**3 + 4*k**2 - 4*k - 3. Let a be v(-5). Let b(n) = 6*n - 15. Let r be b(6). Let w = a + r. What is the tens digit of w?
1
Suppose -4*j + 8 = 0, -3*r + 2*j - 6 = -2*r. Let c(l) be the first derivative of -4*l**2 - 2*l + 4. What is the units digit of c(r)?
4
Let s be ((-7)/14)/(2/(-40)). What is the units digit of (-2)/s + 18/15?
1
Let j(a) = 17*a**2 + 2*a - 1. Let z be j(1). Suppose -3*f + z = -f. What is the units digit of f?
9
Suppose -43 = -5*g + h + 808, -4*g = -h - 680. What is the hundreds digit of g?
1
What is the tens digit of 3 + (-72)/(-4 - 0)?
2
Suppose 5*g + 2*o - 97 = 14, 3*g - 2*o - 73 = 0. What is the tens digit of g?
2
Let v(h) = -2*h**3 - 2*h + 281. What is the tens digit of v(0)?
8
Suppose -4*s + g - 37 = 0, -7 = -3*s + 4*g - 25. What is the units digit of -5*(-1 + 38/s)?
4
Let v be (-2)/10 - (-51)/5. What is the units digit of 2/v + (-59)/(-5)?
2
Suppose -4*r + 2*l + 0*l + 2 = 0, -3*l = 3*r - 15. Suppose 2*h + r*h - 4 = 0. What is the units digit of h?
1
Suppose -116 = -7*o + 5*o. What is the units digit of o?
8
Suppose 5 = 5*z, v - 34 = -2*v - z. Let c = v + 15. What is the tens digit of c?
2
Let d(b) = 2*b + 7. What is the tens digit of d(8)?
2
Let g be (-1)/(((-7)/(-18))/7). Let o = 37 + g. What is the units digit of o?
9
Suppose 21 - 5 = 2*s. What is the units digit of 6/s + 1/4?
1
Let t = 11 + -4. Suppose -3*r - 4*z = 10, 1 = r + 2*z + t. Let u = 4 - r. What is the units digit of u?
2
Let m be -2 + 11 + 4/2. Let h = 3 - m. What is the units digit of -3*2*4/h?
3
Let j be (1/2)/((-3)/(-12)). Suppose 9 = -l - j*l. Let a = l + 6. What is the units digit of a?
3
Suppose 19 = 2*i - k - 11, 0 = -4*i + 4*k + 60. What is t